{"id":283,"date":"2015-12-29T19:37:08","date_gmt":"2015-12-29T18:37:08","guid":{"rendered":"http:\/\/unsa-korian.com\/?page_id=283"},"modified":"2015-12-29T19:37:08","modified_gmt":"2015-12-29T18:37:08","slug":"role-du-delegue-du-personnel","status":"publish","type":"page","link":"http:\/\/unsa-korian.com\/index.php\/role-du-delegue-du-personnel\/","title":{"rendered":"R\u00f4le du D\u00e9l\u00e9gu\u00e9 du Personnel"},"content":{"rendered":"<div id=\"matrix_1115242\" class=\"sortable-matrix\" data-matrixid=\"1115242\">\n<div class=\"n diyfeLiveArea\">\n<h1><span class=\"diyfeDecoration\">R\u00f4le du D\u00e9l\u00e9gu\u00e9 du Personnel<\/span><\/h1>\n<\/div>\n<div class=\"n diyfeLiveArea\">\n<div class=\"clearover\">\n<div class=\"leftDownload\"><a href=\"http:\/\/unsa-korian.com\/wp-content\/uploads\/2015\/12\/Les-DP1.pdf\" target=\"_blank\"><img decoding=\"async\" loading=\"lazy\" class=\"alignleft\" src=\"http:\/\/cdn.website-start.de\/s\/img\/cc\/icons\/pdf.png\" alt=\"Download\" width=\"51\" height=\"51\" \/><\/a><\/div>\n<div class=\"rightDownload\"><a href=\"http:\/\/unsa-korian.com\/wp-content\/uploads\/2015\/12\/Les-DP1.pdf\" rel=\"\">Le r\u00f4le des DPs chez Korian<\/a><\/div>\n<div class=\"rightDownload\">Document Adobe Acrobat [904.9 KB]<\/div>\n<\/div>\n<\/div>\n<\/div>\n","protected":false},"excerpt":{"rendered":"<p>R\u00f4le du D\u00e9l\u00e9gu\u00e9 du Personnel Le r\u00f4le des DPs chez Korian Document Adobe Acrobat [904.9 KB]<\/p>\n","protected":false},"author":1,"featured_media":0,"parent":0,"menu_order":0,"comment_status":"closed","ping_status":"closed","template":"","meta":{"_mi_skip_tracking":false},"_links":{"self":[{"href":"http:\/\/unsa-korian.com\/index.php\/wp-json\/wp\/v2\/pages\/283"}],"collection":[{"href":"http:\/\/unsa-korian.com\/index.php\/wp-json\/wp\/v2\/pages"}],"about":[{"href":"http:\/\/unsa-korian.com\/index.php\/wp-json\/wp\/v2\/types\/page"}],"author":[{"embeddable":true,"href":"http:\/\/unsa-korian.com\/index.php\/wp-json\/wp\/v2\/users\/1"}],"replies":[{"embeddable":true,"href":"http:\/\/unsa-korian.com\/index.php\/wp-json\/wp\/v2\/comments?post=283"}],"version-history":[{"count":2,"href":"http:\/\/unsa-korian.com\/index.php\/wp-json\/wp\/v2\/pages\/283\/revisions"}],"predecessor-version":[{"id":286,"href":"http:\/\/unsa-korian.com\/index.php\/wp-json\/wp\/v2\/pages\/283\/revisions\/286"}],"wp:attachment":[{"href":"http:\/\/unsa-korian.com\/index.php\/wp-json\/wp\/v2\/media?parent=283"}],"curies":[{"name":"wp","href":"https:\/\/api.w.org\/{rel}","templated":true}]}}